 (-7 - (-6 - (-3 - 1))) + 3?
-2
What is the value of -13 - (-3 - 2) - -17?
9
(-8 + 4 - -4) + 2
2
What is the value of 4 - 3 - (3 + -7)?
5
What is 3 - (-4 + (4 - -9))?
-6
What is the value of 3 + -4 - 1 - (-2 - 3)?
3
Calculate -1 + (8 - 1) + (15 - 22).
-1
What is the value of 13 - 13 - ((15 - 7) + -7)?
-1
7 + 2 + -6 + 0 - -5
8
What is 5 - 5 - 0 - 5?
-5
What is 4 + (5 - (7 + 1))?
1
Evaluate 50 + -46 + (-1 - (-2 + 2)).
3
Evaluate -17 - -27 - (8 + 5 + -10).
7
What is the value of 3 - ((0 - 3 - -2) + 4)?
0
Calculate 6 - (-2 - -3) - 9.
-4
-103 + 107 + (1 - 3) + 1
3
What is (9 - (13 - 2)) + (-1 - -6)?
3
Evaluate 0 - (-3 + (2 - 4)).
5
Evaluate (4 - -1 - 3) + 3 - -2.
7
Evaluate (0 - -1) + -2 + (-3 - -4).
0
(-5 - (1 + -2)) + 1 + 10
7
What is 4 + (2 - (-4 + 0 - -3))?
7
Evaluate (0 - (0 + -6)) + -5.
1
What is the value of 4 + -5 + 1 + 1 + -1?
0
Evaluate -5 - (-2 + -8 + -2).
7
What is -2 - (4 + -2 + 2)?
-6
What is 9 - (-16 + 3 + 33)?
-11
What is the value of -6 + (15 - (-2 + 8))?
3
Evaluate (1 + -8 - -7) + 6.
6
What is the value of (-8 - -1) + 11 + -5 - 5?
-6
What is (-6 - (1 + -8 - -7)) + 9?
3
What is 1 - -1 - (-2 - (2 - 2))?
4
What is 9 - (-2 + (6 - 3) - -2)?
6
Calculate (-3 - 0) + 0 + (-3 - 0).
-6
What is 2 + 7 + -11 + 1?
-1
Evaluate -10 - 1 - (-10 - -5).
-6
Evaluate -2 + 21 + (12 - (25 + -5)).
11
Calculate 20 + -16 + (1 - 10).
-5
(1 - -2) + (-10 - -4) - -3
0
1 - (6 + -5 + (-6 - -7))
-1
What is the value of (-2 - -8) + (1 - (4 + -1))?
4
Calculate 1 - (3 - -1) - 0.
-3
What is (-3 + 3 + 0 - 0) + -4?
-4
Calculate 2 + 0 + -4 + (18 - 16).
0
Calculate 2 + (-7 - 1) - -1.
-5
Calculate -3 - (1 - 7) - (-3 + 5).
1
Evaluate -24 + 5 - -6 - -8.
-5
Evaluate 5 - (5 - (-1 + 5)).
4
7 - (-7 + 10 - 4)
8
Evaluate 17 + 0 + (-46 - -39).
10
Evaluate -332 + 324 - (1 + (-1 - 0)).
-8
What is the value of -5 - (-13 + 7 - 2)?
3
Evaluate (395 - 396) + (1 - -5 - 0).
5
0 - (-1 + (-3 - -5 - 3))
2
What is the value of -17 + (3 - -3) + -1 + 4?
-8
What is -2 + (-1 - 0) + (-2 - -2)?
-3
Calculate 5 - 7 - (2 + (-1 - 2)).
-1
-1 + (-5 + 14 - 3)
5
Evaluate -6 + 18 + (4 - 8) + -17.
-9
What is the value of -2 + 6 - (39 - 29)?
-6
Calculate 22 - (26 + 5 + -18).
9
Evaluate -1 - -5 - (-5 - (2 + -8)).
3
Evaluate 34 + -29 + -5 + 0 - -6.
6
Calculate 14 - ((0 - 4 - -14) + -5).
9
What is 0 + -3 + -6 + 12?
3
(-46 - -46) + -4 + 0
-4
Calculate (67 - 69) + 0 + 1.
-1
6 + (-5 - (9 + -15))
7
What is 5 + -2 + 9 + (-4 - 2)?
6
What is the value of 9 - (10 + -18 - -7)?
10
What is -19 + 10 + -3 + 6?
-6
What is the value of 0 - (-6 + 5 + 3)?
-2
Evaluate -1 + -3 + (-6 - -13 - 4).
-1
Evaluate 2 - -2 - (1 + (4 - 2)).
1
What is the value of 4 + (-9 - (-4 + 1))?
-2
(5 - -1) + (-13 - -6)
-1
Calculate -3 + (-11 + 9 - -15).
10
What is 13 + -10 - (-6 - -3)?
6
Evaluate -38 + 50 - (9 - -2).
1
Evaluate (-2 - 2) + (-1 + 1 - -5).
1
What is 2 + (-3 - (7 + (-8 - -1)))?
-1
Calculate -8 - -8 - -6 - 3.
3
What is -5 + 1 + -1 + 10?
5
(9 - 0) + -21 + 14
2
Calculate 3 - (-1 + 3) - 0 - -3.
4
Evaluate 4 + (13 - 7 - 6) + -4.
0
What is -4 - 2 - -4 - (-1 + 1)?
-2
(0 - -1) + 0 + -11 + 6
-4
(6 - 6) + 0 + -2
-2
-4 + -1 + 5 + -3
-3
9 + -2 + (4 + -6 - 1)
4
-8 + -3 + 5 + (-1 - 1)
-8
What is the value of (-1 - 1) + 2 + (7 - 9)?
-2
What is the value of -7 - (-11 - 3 - -11)?
-4
What is the value of (-20 - -16) + (0 - -12)?
8
(-2 - -2) + (-4 - (1 - 0))
-5
What is 3 + -1 + -3 + 4?
3
Evaluate -5 + 1 - (-16 + 26 + -11).
-3
What is 41 + -33 + -1 + -1?
6
Evaluate 11 + 0 + -13 + 7.
5
Evaluate (12 - (19 - 10)) + 0 + -4.
-1
What is the value of 6 + -1 + 0 + (-3 - -1)?
3
3 + (0 - 4) + 0 - 0
-1
1 + 2 - (4 - (7 - 0))
6
What is (2 + 0 - -1) + 11 + -11?
3
What is -7 + (6 - (4 - 9))?
4
Calculate -1 - (-7 + 4 + -6) - 5.
3
What is -9 + 3 - (-10 - -2)?
2
Evaluate 0 - (0 + -1) - (8 - 10).
3
What is the value of 0 + -3 - -2 - -5?
4
Calculate 3 + 0 + -2 + 0.
1
Calculate 4 - (1 - -4) - 4.
-5
(-4 - (0 + -1)) + 6
3
What is (-12 - (-1 + -4)) + 5?
-2
(110 - 117) + 0 + -1
-8
What is -3 + (-2 - (-2 + 3 - 1))?
-5
3 + (0 - (-3 - -2)) + -3
1
Calculate -3 - ((0 - (1 - 1)) + 1).
-4
Evaluate 6 - (4 + (-12 - -2) - -16).
-4
What is the value of -9 + -9 + 0 + 13?
-5
What is the value of -5 + (3 - (2 - -5 - 4))?
-5
What is the value of -6 - (-6 + -2) - (6 + 1)?
-5
1 + 2 + 0 - (1 + 0)
2
Calculate -3 + 6 - (11 - (2 + 1)).
-5
What is the value of 1 - (9 - 2 - (7 - 3))?
-2
Evaluate 1 + -1 - 0 - (30 + -32).
2
What is the value of 1 + 4 - 12 - -3?
-4
Calculate (10 - 8) + (2 - 1).
3
Calculate 1 + 0 - (-1 - -4 - -2).
-4
12 + -4 + -1 - 4
3
What is -2 + 2 - -5 - (1 - 0)?
4
Evaluate 2 + 0 + -3 + -6 + 1.
-6
Calculate 3 - -1 - (0 + -6 - -8).
2
Calculate 5 + 1 + -1 + -3 - -1.
3
3 + -6 + -1 + -43 + 44
-3
Evaluate (1 - -2) + 0 - (1 - -10).
-8
What is 0 + (-6 + 2 - -3) + 4?
3
Evaluate 58 - 40 - (-1 + 10).
9
Evaluate -10 - ((-20 - -11) + -2).
1
What is the value of -1 - (-2 + 5) - (2 + -3)?
-3
What is the value of (4 - 3) + 3 + -11 + 2?
-5
5 + (-7 - 2) - -9
5
(1 - (-9 + 1)) + (-54 - -52)
7
Evaluate 4 + 1 + (16 - 30).
-9
What is the value of 4 + -6 - 0 - (1 + -4)?
1
(8 - -1) + -57 + 50
2
What is 6 + (-2 - (15 - 8))?
-3
Evaluate -3 - (6 + -4 + -7).
2
Calculate (6 - (3 + 1)) + -5 - -1.
-2
0 - -4 - (-5 - (-22 - -12))
-1
(0 - -8) + 60 + -74
-6
Evaluate 26 + (11 - 14) - 14.
9
What is the value of -206 + 204 + -5 + -1?
-8
What is (4 - (7 + -4)) + -3 - -7?
5
What is 4 - (-2 + 4 + -3)?
5
(20 + -6 - 8) + -2
4
Calculate 11 - (-8 + 21) - (-8 + 1).
5
Calculate -1 + -3 + (4 - (0 + 1)).
-1
Calculate (27 - 35) + (5 - 0).
-3
3 + -1 + -7 + -4 + 3
-6
What is 1 + 1 - 10 - -2 - 0?
-6
Evaluate (-2 - (-1 + 0)) + 2 + 1.
2
Calculate 1 - (4 + -1) - -6.
4
What is the value of -1 + 4 + -12 + 7?
-2
Calculate 1 - (-3 + 11) - -2.
-5
What is the value of -2 - (4 - (-5 + 10))?
-1
Evaluate 2 - (24 + (0 - 12)).
-10
What is (-3 - -1) + -2 - (-1 - 7)?
4
-2 - (2 + -5 + 6)
-5
Evaluate (24 - 14) + 8 - 13.
5
What is 0 + -4 + (-2 + -1 - -5)?
-2
15 + -16 - (-2 + -5 + -1)
7
What is 4 - 4 - -2 - 2?
0
What is -1 + 1 + 3 + -10?
-7
-9 + 10 + -4 + 4
1
12 - 16 - (2 - (3 - 0))
-3
Calculate 0 + -1 + 1 - (1 - 2).
1
What is -7 + (6 - 3 - -7)?
3
What is 5 - ((-4 - 1) + -16 + 18)?
8
What is 0 + (-10 + 10 - (2 + -5))?
3
What is the value of -3 - (7 + -11) - -6?
7
Calculate 4 - 10 - (5 + -6).
-5
What is the value of -1 + (0 - (4 + -9)) - 1?
3
What is the value of -3 + -2 + -2 - -1?
-6
Evaluate 1 + -8 + -14 + 24.
3
What is (6 - 11 - -5) + 1?
1
What is the value of (4 - 7) + 3 - 4?
-4
Evaluate 6 + -1 + (0 + -4 - -2).
3
What is the value of 10 - (4 + 13 + -5 + -12)?
10
-1 - (-5 - (-7 - -3 - 5))
-5
Calculate -1 + -6 - -3 - -4.
0
What is the value of (-3 - -4) + -4 + 7 - 6?
-2
-4 - -4 - (1 - 5)
4
Evaluate -9 + 7 - (0 - (-1 - 2)).
-5
Calculate -4 - (4 - 12) - (2 + 5).
-3
What is the value of (1 - (1 + (-4 - -4))) + 4?
4
Evaluate (199 - 210) + (10 - 0).
-1
Calculate -1 - 2 - (4 - (-3 + 6)).
-4
What is -1 + -5 + (-14 - -26)?
6
What is -6 - -2 - (-11 - -2)?
5
6 + -4 + -4 - (4 + -10)
4
Calculate (-6 - (0 - 3)) + 3 - 1.
-1
What is the value of 6 + -7 + (-12 - -13)?
0
Evaluate 1 + 2 + (-4 - 11) + 10.
-2
What is the value of 1 + -1 + -11 + 1 + 7?
-3
What is the value of -7 + 11 + -1 + 2?
5
What is the value of -6 + (22 - 20 - (-2 + -1))?
-1
Calculate -9 - (1 + 1 + -4 + -3).
-4
Calculate 0 + -5 - (-5 - 4).
4
What is (-2 - -2 - (-1 + -2)) + -2?
1
(-4 - 1) + 6 + 4 + 1
6
Evaluate (4 - 15) + (0 - -1 - 1).
-11
What is -4 - (10 - (4 + 4))?
-6
What is 19 + -9 + -5 + -8?
-3
Calculate -6 + (-3 - -1) + 2 + 1.
-5
Calculate -3 + -5 + (-2 - -3) + 11.
4
What is -2 - 3 - (11 - -4 - 12)?
-8
6 - 5 - (-1 + 2 + -2)
2
What is the value of 3 + 10 + 2 + 9 + -16?
8
Evaluate -2 + (2 - 4) + 2 - 3.
-5
8 - (-19 + 29 + -1 + -4)
3
What is -3 + 7 - (-1 - -10)?
-5
-1 - (0 + 5 - 1)
-5
What is -15 + 7 + (3 - 3 - 0)?
-8
Evaluate 11 + -19 + 20 + -13.
-1
What is -1 - (0 - 1 - -3)?
-3
Evaluate 2 + (0 - 3) + 7.
6
What is -18 - -26 - (3 + -3 + 3)?
5
Calculate 0 - (-1 + 6 - 5).
0
What is the value of -15 + (17 - 8) + (-1 - -10)?
3
3 - (1 - (3 + -1))
4
What is the value of (-3 - (4 + -3)) + 9?
5
3 + 4 + (-2 - 0)
5
Evaluate -3 - (-6 - (-5 - -1)).
-1
-10 + 16 + -13 + 2
-5
-3 + (5 - (7 - 8))
3
What is the value of -6 + (1 - -5) + -2?
-2
Evaluate (10 - 4 - 4) + (1 - -1).
4
Calculate -8 - (-5 + 2 - (-5 - -8)).
-2
Evalua